{"id":379,"date":"2017-09-19T08:53:20","date_gmt":"2017-09-19T11:53:20","guid":{"rendered":"http:\/\/emaus.org.br\/itapetininga_wp_new\/?page_id=379"},"modified":"2020-01-27T13:41:10","modified_gmt":"2020-01-27T16:41:10","slug":"secretariados-regionais","status":"publish","type":"page","link":"https:\/\/emaus.org.br\/itapetininga\/estrutura\/secretariados-regionais\/","title":{"rendered":"Secretariados Regionais"},"content":{"rendered":"<header>\n<h1><img loading=\"lazy\" decoding=\"async\" class=\"alignnone size-full wp-image-457\" src=\"https:\/\/emaus.org.br\/itapetininga_wp\/wp-content\/uploads\/2017\/08\/Regional.jpg\" alt=\"\" width=\"1920\" height=\"500\" srcset=\"https:\/\/emaus.org.br\/itapetininga\/wp-content\/uploads\/2017\/08\/Regional.jpg 1920w, https:\/\/emaus.org.br\/itapetininga\/wp-content\/uploads\/2017\/08\/Regional-768x200.jpg 768w, https:\/\/emaus.org.br\/itapetininga\/wp-content\/uploads\/2017\/08\/Regional-1140x297.jpg 1140w\" sizes=\"auto, (max-width: 1920px) 100vw, 1920px\" \/><\/h1>\n<h1 class=\"entry-title singular-title\">Secretariado Regional Sudeste I<\/h1>\n<\/header>\n<div class=\"entry-content\">\n<div id=\"pl-379\" class=\"panel-layout\">\n<div id=\"pg-379-0\" class=\"panel-grid panel-no-style\">\n<div id=\"pgc-379-0-0\" class=\"panel-grid-cell\" data-weight=\"1\">\n<div id=\"panel-379-0-0-0\" class=\"so-panel widget widget_sow-editor panel-first-child panel-last-child\" data-index=\"0\" data-style=\"{&quot;background&quot;:&quot;#e0e0e0&quot;,&quot;background_image_attachment&quot;:false,&quot;background_display&quot;:&quot;tile&quot;}\">\n<div class=\"panel-widget-style panel-widget-style-for-379-0-0-0\">\n<div class=\"so-widget-sow-editor so-widget-sow-editor-base\">\n<div class=\"siteorigin-widget-tinymce textwidget\">\n<p>Para colabora na integraliza\u00e7\u00e3o do Movimento de Ema\u00fas em todo os lugares que ele existe, fica a cargo do Secretariado Nacional criar os Secretariados Regionais, que funcionam como representantes do Secretariado Nacional junto aos diversos (sub) secretariados (arqui) diocesanos das regi\u00f5es para as quais onde forem designados.<\/p>\n<p>Os Secretariados Regionais t\u00eam a seguinte composi\u00e7\u00e3o:<br \/>\na) o Diretor Espiritual; b) um Casal Coordenador; c) o Secret\u00e1rio e d) o Coordenador dos Cantores e Cantoras.<\/p>\n<\/div>\n<\/div>\n<p>O Secretariado da Diocese de Itapetininga pertence ao Secretariado Regional Sudeste I, composto pelas seguintes cidades:<\/p>\n<\/div>\n<p><strong>Secretariados:\u00a0Itapetininga, Jundia\u00ed, S\u00e3o Paulo e Sorocaba,Pr\u00e9-Secretariado de Itapeva<\/strong><\/p>\n<p><b>O Secretariado \u00e9 composto por:<\/b><\/p>\n<p><strong>Casal Coordenador:<br \/>\n<\/strong>Jo\u00e3o Evaristo de Souza e Fernanda Meneghatti Magro Souza<\/p>\n<p><strong>Diretor Espiritual:<br \/>\n<\/strong>Pe. Ricardo de Oliveira<strong><br \/>\n<\/strong><\/p>\n<p><strong>Secret\u00e1rio:<br \/>\n<\/strong>Bruno Caricatti<strong><br \/>\n<\/strong><\/p>\n<p><strong>Coordenador de Cantores:<br \/>\n<\/strong>Matheus Barros<\/p>\n<\/div>\n<p>CLIQUE NA IMAGEM ABAIXO PARA CONHECER MAIS SOBRE O SECRETARIADO DIOCESANO DE ITAPETININGA<\/p>\n<p><a href=\"https:\/\/emaus.org.br\/itapetininga\/estrutura\/secretariados-arqui-diocesanos\/\"><img loading=\"lazy\" decoding=\"async\" class=\"alignnone size-full wp-image-461\" src=\"https:\/\/emaus.org.br\/itapetininga_wp\/wp-content\/uploads\/2017\/09\/Itapetininga.jpg\" alt=\"\" width=\"1920\" height=\"700\" srcset=\"https:\/\/emaus.org.br\/itapetininga\/wp-content\/uploads\/2017\/09\/Itapetininga.jpg 1920w, https:\/\/emaus.org.br\/itapetininga\/wp-content\/uploads\/2017\/09\/Itapetininga-768x280.jpg 768w, https:\/\/emaus.org.br\/itapetininga\/wp-content\/uploads\/2017\/09\/Itapetininga-1140x416.jpg 1140w\" sizes=\"auto, (max-width: 1920px) 100vw, 1920px\" \/><\/a><\/p>\n<\/div>\n<\/div>\n<\/div>\n<\/div>\n","protected":false},"excerpt":{"rendered":"<p>Secretariado Regional Sudeste I Para colabora na integraliza\u00e7\u00e3o do Movimento de Ema\u00fas em todo os lugares que ele existe, fica a cargo do Secretariado Nacional criar os Secretariados Regionais, que funcionam como representantes do Secretariado Nacional junto aos diversos (sub) secretariados (arqui) diocesanos das regi\u00f5es para as quais onde forem designados. Os Secretariados Regionais t\u00eam a seguinte composi\u00e7\u00e3o: a) o Diretor Espiritual; b) um Casal Coordenador; c) o Secret\u00e1rio e d) o Coordenador dos Cantores e Cantoras. O Secretariado da Diocese de Itapetininga pertence ao Secretariado Regional Sudeste I, composto pelas seguintes cidades: Secretariados:\u00a0Itapetininga, Jundia\u00ed, S\u00e3o Paulo e Sorocaba,Pr\u00e9-Secretariado de Itapeva O Secretariado \u00e9 composto por: Casal Coordenador: Jo\u00e3o Evaristo de Souza e Fernanda Meneghatti Magro Souza Diretor Espiritual: Pe. Ricardo de Oliveira Secret\u00e1rio: Bruno Caricatti Coordenador de Cantores: Matheus Barros CLIQUE NA IMAGEM ABAIXO PARA CONHECER MAIS SOBRE O SECRETARIADO DIOCESANO DE ITAPETININGA<\/p>\n","protected":false},"author":2,"featured_media":0,"parent":197,"menu_order":0,"comment_status":"closed","ping_status":"closed","template":"","meta":{"_exactmetrics_skip_tracking":false,"_exactmetrics_sitenote_active":false,"_exactmetrics_sitenote_note":"","_exactmetrics_sitenote_category":0,"footnotes":""},"class_list":["post-379","page","type-page","status-publish","hentry"],"_links":{"self":[{"href":"https:\/\/emaus.org.br\/itapetininga\/wp-json\/wp\/v2\/pages\/379","targetHints":{"allow":["GET"]}}],"collection":[{"href":"https:\/\/emaus.org.br\/itapetininga\/wp-json\/wp\/v2\/pages"}],"about":[{"href":"https:\/\/emaus.org.br\/itapetininga\/wp-json\/wp\/v2\/types\/page"}],"author":[{"embeddable":true,"href":"https:\/\/emaus.org.br\/itapetininga\/wp-json\/wp\/v2\/users\/2"}],"replies":[{"embeddable":true,"href":"https:\/\/emaus.org.br\/itapetininga\/wp-json\/wp\/v2\/comments?post=379"}],"version-history":[{"count":6,"href":"https:\/\/emaus.org.br\/itapetininga\/wp-json\/wp\/v2\/pages\/379\/revisions"}],"predecessor-version":[{"id":677,"href":"https:\/\/emaus.org.br\/itapetininga\/wp-json\/wp\/v2\/pages\/379\/revisions\/677"}],"up":[{"embeddable":true,"href":"https:\/\/emaus.org.br\/itapetininga\/wp-json\/wp\/v2\/pages\/197"}],"wp:attachment":[{"href":"https:\/\/emaus.org.br\/itapetininga\/wp-json\/wp\/v2\/media?parent=379"}],"curies":[{"name":"wp","href":"https:\/\/api.w.org\/{rel}","templated":true}]}}