{"id":160,"date":"2017-08-26T10:21:52","date_gmt":"2017-08-26T13:21:52","guid":{"rendered":"http:\/\/emaus.org.br\/jundiai_new\/?page_id=160"},"modified":"2017-09-19T09:02:01","modified_gmt":"2017-09-19T12:02:01","slug":"objetivo-e-missao","status":"publish","type":"page","link":"https:\/\/emaus.org.br\/jundiai\/o-movimento\/objetivo-e-missao\/","title":{"rendered":"Objetivo e Miss\u00e3o"},"content":{"rendered":"<p><strong><br \/>\nO Movimento de Ema\u00fas e seus objetivos<br \/>\n<\/strong><\/p>\n<p>O Ema\u00fas \u00e9 um movimento de Comunidades Mission\u00e1rias para jovens, aprovado pelos Bispos em cujas Dioceses se encontra instalado, cuja finalidade \u00e9 propiciar cursos para jovens, onde eles possam fazer uma profunda reflex\u00e3o sobre o valor da vida, da Igreja e uma viv\u00eancia em comunidade \u00e0 luz da Palavra de Deus. Isso se faz atrav\u00e9s de um primeiro an\u00fancio (Kerigma), completado com uma catequese fundamentada na doutrina (o &#8220;Credo&#8221;) e na Teologia dos Sacramentos.<\/p>\n<p>O Curso de Ema\u00fas procura atender ao clamor do Papa Paulo VI quando disse:<\/p>\n<blockquote><p>A atual miss\u00e3o da Igreja \u00e9 dar Cristo \u00e0 juventude, criando assim um espa\u00e7o, onde o Evangelho \u00e9 transmitido e deve se irradiar<\/p><\/blockquote>\n<p>(exorta\u00e7\u00e3o apost\u00f3lica Evangelii Nuntiandi \u2013 Paulo VI).<\/p>\n<p>Este curso \u00e9 o esfor\u00e7o de uma resposta de obedi\u00eancia ao que nos pede a Igreja pelo Conc\u00edlio Vaticano II, pelas exorta\u00e7\u00f5es apost\u00f3licas pontificiais &#8220;Evangelii Nuntiandi&#8221; (Paulo VI), &#8220;Catechesi Tradendae&#8221; (Jo\u00e3o Paulo II), e pela Confer\u00eancia de Puebla, que nos diz:<\/p>\n<blockquote><p>Queremos dar uma resposta \u00e0 situa\u00e7\u00e3o da juventude, gra\u00e7as aos tr\u00eas crit\u00e9rios de verdades propostas pelo Papa Jo\u00e3o Paulo II: a verdade sobre Jesus Cristo, a verdade sobre a miss\u00e3o da Igreja e a verdade sobre o Homem<\/p><\/blockquote>\n<p>(Puebla 1182).<\/p>\n<p>O Ema\u00fas desenvolveu-se \u00e0 luz da exorta\u00e7\u00e3o do Papa Jo\u00e3o Paulo II \u2013 <\/p>\n<blockquote><p>Eu insisto na necessidade de um ensino crist\u00e3o org\u00e2nico e sistem\u00e1tico, que deve ser: <\/p>\n<ul>\n<ol>\n1\u00ba) n\u00e3o algo improvisado, mas que siga um programa que lhe permita alcan\u00e7ar o fim determinado;<br \/>\n2\u00ba) um ensino que se concentre no essencial, sem ter a pretens\u00e3o de tratar todas as quest\u00f5es disputadas e sem se transformar em investiga\u00e7\u00f5es teol\u00f3gicas ou exegeses cient\u00edficas.\n<\/ol>\n<\/ul>\n<\/blockquote>\n<p>O Curso de Ema\u00fas \u00e9 organizado e se realiza pedagogicamente baseado na catequese, atrav\u00e9s de palestras, medita\u00e7\u00f5es, atos lit\u00fargicos, paraliturgias, experi\u00eancia de ora\u00e7\u00e3o, desertos, din\u00e2micas de grupo, resumos, question\u00e1rios, murais, plen\u00e1rio, etc. visando conscientizar e apresentar aos jovens o &#8220;Cristo Vivo como \u00fanico Salvador, para que evangelizados, evangelizem e contribuam com uma resposta de amor a Cristo, para a liberta\u00e7\u00e3o integral do Homem e da sociedade, levando uma vida de participa\u00e7\u00e3o e comunh\u00e3o&#8221; (Puebla cap. II).<\/p>\n<p>O objetivo do Curso de Ema\u00fas \u00e9 formar e desenvolver l\u00edderes comunit\u00e1rios, que posteriormente atuar\u00e3o em suas par\u00f3quias de origem. O Ema\u00fas n\u00e3o tira o jovem da sua par\u00f3quia. Sua miss\u00e3o, enquanto instrumento da Igreja a servi\u00e7o da evangeliza\u00e7\u00e3o da juventude, \u00e9 dar ao jovem cursista uma s\u00f3lida forma\u00e7\u00e3o crist\u00e3, para que ele possa voltar \u00e0 sua par\u00f3quia e dinamizar o grupo de jovens paroquial.<\/p>\n","protected":false},"excerpt":{"rendered":"<p>O Movimento de Ema\u00fas e seus objetivos O Ema\u00fas \u00e9 um movimento de Comunidades Mission\u00e1rias para jovens, aprovado pelos Bispos em cujas Dioceses se encontra instalado, cuja finalidade \u00e9 propiciar cursos para jovens, onde eles possam fazer uma profunda reflex\u00e3o sobre o valor da vida, da Igreja e uma viv\u00eancia &hellip;<\/p>\n","protected":false},"author":1,"featured_media":0,"parent":12,"menu_order":0,"comment_status":"closed","ping_status":"closed","template":"","meta":{"footnotes":""},"class_list":["post-160","page","type-page","status-publish","hentry"],"_links":{"self":[{"href":"https:\/\/emaus.org.br\/jundiai\/wp-json\/wp\/v2\/pages\/160","targetHints":{"allow":["GET"]}}],"collection":[{"href":"https:\/\/emaus.org.br\/jundiai\/wp-json\/wp\/v2\/pages"}],"about":[{"href":"https:\/\/emaus.org.br\/jundiai\/wp-json\/wp\/v2\/types\/page"}],"author":[{"embeddable":true,"href":"https:\/\/emaus.org.br\/jundiai\/wp-json\/wp\/v2\/users\/1"}],"replies":[{"embeddable":true,"href":"https:\/\/emaus.org.br\/jundiai\/wp-json\/wp\/v2\/comments?post=160"}],"version-history":[{"count":7,"href":"https:\/\/emaus.org.br\/jundiai\/wp-json\/wp\/v2\/pages\/160\/revisions"}],"predecessor-version":[{"id":168,"href":"https:\/\/emaus.org.br\/jundiai\/wp-json\/wp\/v2\/pages\/160\/revisions\/168"}],"up":[{"embeddable":true,"href":"https:\/\/emaus.org.br\/jundiai\/wp-json\/wp\/v2\/pages\/12"}],"wp:attachment":[{"href":"https:\/\/emaus.org.br\/jundiai\/wp-json\/wp\/v2\/media?parent=160"}],"curies":[{"name":"wp","href":"https:\/\/api.w.org\/{rel}","templated":true}]}}