{"id":386,"date":"2017-09-19T08:55:38","date_gmt":"2017-09-19T11:55:38","guid":{"rendered":"http:\/\/emaus.org.br\/jundiai_new\/?page_id=386"},"modified":"2023-07-27T11:36:34","modified_gmt":"2023-07-27T14:36:34","slug":"proximos-cursos","status":"publish","type":"page","link":"https:\/\/emaus.org.br\/jundiai\/cursos\/proximos-cursos\/","title":{"rendered":"Inscri\u00e7\u00f5es"},"content":{"rendered":"<h1>Inscri\u00e7\u00f5es para os Pr\u00f3ximos Cursos<\/h1>\n<h4><strong>EMA\u00daS &#8211; Curso de Valores Humanos e Crist\u00e3os<\/strong><\/h4>\n<p><a href=\"https:\/\/www.facebook.com\/emaus.jundiai\/videos\/1163956980443911\/\">https:\/\/www.facebook.com\/emaus.jundiai\/videos\/1163956980443911\/<\/a><\/p>\n<p>O curso de Ema\u00fas \u00e9 para jovens batizados com idade a partir dos 18 (dezoito) anos, solteiros, que desejam ingressar num Movimento de convers\u00e3o no esp\u00edrito da Igreja, realizado atrav\u00e9s do &#8220;primeiro an\u00fancio do Evangelho para suscitar a f\u00e9, a integra\u00e7\u00e3o na comunidade eclesial e o testemunho apost\u00f3lico e mission\u00e1rio&#8221;.<\/p>\n<p>Ficha em Excel\u00a0<a href=\"https:\/\/emaus.org.br\/jundiai\/wp-content\/uploads\/2018\/03\/Ficha-em-Branco_Site.xls\">, Baixe aqui!<\/a><\/p>\n<p>Ficha no formato PDF (para impress\u00e3o) , <a href=\"https:\/\/emaus.org.br\/jundiai\/wp-content\/uploads\/2018\/03\/Ficha-em-Branco_Site.pdf\"> Baixe aqui! <\/a><\/p>\n<p>Fa\u00e7a o <strong>DOWNLOAD<\/strong> da Ficha de Inscri\u00e7\u00e3o e ap\u00f3s preencher <strong>ENVIAR<\/strong> para o e-mail: <strong>fichas.emausjundiai@gmail.com<\/strong> ou fa\u00e7a sua Inscri\u00e7\u00e3o On-line pelo link abaixo:<\/p>\n<blockquote>\n<h4><span style=\"color: #ff00ff;\">53\u00b0 Feminino<\/span>:\u00a0<a href=\"https:\/\/tinyurl.com\/53-emaus-feminino\">https:\/\/tinyurl.com\/53-emaus-feminino<\/a><\/h4>\n<h4><span style=\"color: #0000ff;\">51\u00b0 Masculino<\/span>:\u00a0<a href=\"https:\/\/tinyurl.com\/51-emaus-masculino\">https:\/\/tinyurl.com\/51-emaus-masculino<\/a><\/h4>\n<\/blockquote>\n<p><strong>Importante:<\/strong> O preenchimento da Ficha <strong>N\u00c3O<\/strong> garante a participa\u00e7\u00e3o no curso. Sua presen\u00e7a ser\u00e1 <strong>CONFIRMADA A PARTIR DO CONTATO DA SECRETARIA DE FICHAS<\/strong>. Caso o contato n\u00e3o aconte\u00e7a, \u00e9 poss\u00edvel que n\u00e3o tenhamos recebido sua ficha. Nesse caso entre em contato atrav\u00e9s do e-mail: <strong>fichas.emausjundiai@gmail.com<\/strong> ou ainda pelo Fan Page do Ema\u00fas em\u00a0<a href=\"https:\/\/www.facebook.com\/emaus.jundiai\/\">https:\/\/www.facebook.com\/emaus.jundiai\/<\/a> e solicite sua confirma\u00e7\u00e3o.<\/p>\n<p><em><strong>ATEN\u00c7\u00c3O:<\/strong><\/em><\/p>\n<p>Estar\u00e3o impedidos(as) de participar do curso, a n\u00e3o ser com expressa autoriza\u00e7\u00e3o do Diretor Espiritual do Movimento (Secretariado), jovens:<\/p>\n<p>&#8211; Com idade inferior a 18 anos;<\/p>\n<p>&#8211; N\u00e3o batizados;<\/p>\n<p>&#8211; N\u00e3o cat\u00f3licos (exceto luteranos, anglicanos e ortodoxos)<\/p>\n<p>&#8211; Esp\u00edritas<\/p>\n<p>&#8211; Toda ficha que estiver fora do perfil citado acima ser\u00e1 avaliada pelo Colegiado e Diretor Espiritual.<\/p>\n<p><strong>\u00a0<\/strong><\/p>\n","protected":false},"excerpt":{"rendered":"<p>Inscri\u00e7\u00f5es para os Pr\u00f3ximos Cursos EMA\u00daS &#8211; Curso de Valores Humanos e Crist\u00e3os O curso de Ema\u00fas \u00e9 para jovens batizados com idade a partir dos 18 (dezoito) anos, solteiros, que desejam ingressar num Movimento de convers\u00e3o no esp\u00edrito da Igreja, realizado atrav\u00e9s do &#8220;primeiro an\u00fancio do Evangelho para suscitar &hellip;<\/p>\n","protected":false},"author":1,"featured_media":0,"parent":202,"menu_order":0,"comment_status":"closed","ping_status":"closed","template":"","meta":{"footnotes":""},"class_list":["post-386","page","type-page","status-publish","hentry"],"_links":{"self":[{"href":"https:\/\/emaus.org.br\/jundiai\/wp-json\/wp\/v2\/pages\/386","targetHints":{"allow":["GET"]}}],"collection":[{"href":"https:\/\/emaus.org.br\/jundiai\/wp-json\/wp\/v2\/pages"}],"about":[{"href":"https:\/\/emaus.org.br\/jundiai\/wp-json\/wp\/v2\/types\/page"}],"author":[{"embeddable":true,"href":"https:\/\/emaus.org.br\/jundiai\/wp-json\/wp\/v2\/users\/1"}],"replies":[{"embeddable":true,"href":"https:\/\/emaus.org.br\/jundiai\/wp-json\/wp\/v2\/comments?post=386"}],"version-history":[{"count":15,"href":"https:\/\/emaus.org.br\/jundiai\/wp-json\/wp\/v2\/pages\/386\/revisions"}],"predecessor-version":[{"id":628,"href":"https:\/\/emaus.org.br\/jundiai\/wp-json\/wp\/v2\/pages\/386\/revisions\/628"}],"up":[{"embeddable":true,"href":"https:\/\/emaus.org.br\/jundiai\/wp-json\/wp\/v2\/pages\/202"}],"wp:attachment":[{"href":"https:\/\/emaus.org.br\/jundiai\/wp-json\/wp\/v2\/media?parent=386"}],"curies":[{"name":"wp","href":"https:\/\/api.w.org\/{rel}","templated":true}]}}