{"id":194,"date":"2017-08-26T10:48:01","date_gmt":"2017-08-26T13:48:01","guid":{"rendered":"http:\/\/www.emaus.org.br\/newnacional_new\/?page_id=194"},"modified":"2018-01-30T20:57:37","modified_gmt":"2018-01-30T22:57:37","slug":"comunidades","status":"publish","type":"page","link":"https:\/\/emaus.org.br\/nacional\/comunidades\/","title":{"rendered":"Comunidades"},"content":{"rendered":"<h5><a href=\"http:\/\/www.emaus.org.br\/bage\/\" target=\"_blank\" rel=\"noopener\">Bag\u00e9<\/a><\/h5>\n<hr \/>\n<h5><a href=\"http:\/\/www.emaus.org.br\/brasilia\/\" target=\"_blank\" rel=\"noopener\">Bras\u00edlia<\/a><\/h5>\n<hr \/>\n<h5><a href=\"http:\/\/www.emaus.org.br\/brusque\/\" target=\"_blank\" rel=\"noopener\">Brusque<\/a><\/h5>\n<hr \/>\n<h5><a href=\"http:\/\/www.emaus.org.br\/cachoeiradosul\/\" target=\"_blank\" rel=\"noopener\">Cachoeira do Sul<\/a><\/h5>\n<hr \/>\n<h5><a href=\"http:\/\/www.emauscaxias.com.br\/2016\/index.php\" target=\"_blank\" rel=\"noopener\">Caxias do Sul<\/a><\/h5>\n<hr \/>\n<h5><a href=\"http:\/\/www.emaus.org.br\/cruzalta\/\" target=\"_blank\" rel=\"noopener\">Cruz Alta<\/a><\/h5>\n<hr \/>\n<h5><a href=\"http:\/\/www.emaus.org.br\/florianopolis\" target=\"_blank\" rel=\"noopener\">Florian\u00f3polis<\/a><\/h5>\n<hr \/>\n<h5><a href=\"http:\/\/www.emaus.org.br\/fredericowestphalen\/\" target=\"_blank\" rel=\"noopener\">Frederico Westphalen<\/a><\/h5>\n<hr \/>\n<h5><a href=\"http:\/\/www.emaus.org.br\/itapetininga\/\" target=\"_blank\" rel=\"noopener\">Itapetininga<\/a><\/h5>\n<hr \/>\n<h5><a href=\"http:\/\/www.emaus.org.br\/joinville\/\" target=\"_blank\" rel=\"noopener\">Joinville<\/a><\/h5>\n<hr \/>\n<h5><a href=\"http:\/\/www.emaus.org.br\/juizdefora\/\" target=\"_blank\" rel=\"noopener\">Juiz de Fora<\/a><\/h5>\n<hr \/>\n<h5><a href=\"http:\/\/emaus.org.br\/jundiai\/\" target=\"_blank\" rel=\"noopener\">Jundia\u00ed<\/a><\/h5>\n<hr \/>\n<h5><a href=\"http:\/\/www.emaus.org.br\/lavras\/\" target=\"_blank\" rel=\"noopener\">Lavras<\/a><\/h5>\n<hr \/>\n<h5><a href=\"http:\/\/www.emaus.org.br\/mariana\/\" target=\"_blank\" rel=\"noopener\">Mariana<\/a><\/h5>\n<hr \/>\n<h5><a href=\"http:\/\/www.emaus.org.br\/pelotas\/\" target=\"_blank\" rel=\"noopener\">Pelotas<\/a><\/h5>\n<hr \/>\n<h5><a href=\"http:\/\/www.emauspoa.com.br\/\">Porto Alegre<\/a><\/h5>\n<hr \/>\n<h5><a href=\"http:\/\/www.emaus.org.br\/riogrande\/\" target=\"_blank\" rel=\"noopener\">Rio Grande<\/a><\/h5>\n<hr \/>\n<h5><a href=\"http:\/\/www.emaus.org.br\/santoangelo\/\" target=\"_blank\" rel=\"noopener\">Santo \u00c2ngelo<\/a><\/h5>\n<hr \/>\n<h5><a href=\"http:\/\/www.emaus.org.br\/sao-joaodelrei\/\" target=\"_blank\" rel=\"noopener\">S\u00e3o Jo\u00e3o del-Rei<\/a><\/h5>\n<hr \/>\n<h5><a href=\"http:\/\/www.emaus.org.br\/saopaulo\/\" target=\"_blank\" rel=\"noopener\">S\u00e3o Paulo<\/a><\/h5>\n<hr \/>\n<h5><a href=\"http:\/\/www.emaus.org.br\/sorocaba\/\">Sorocaba<\/a><\/h5>\n<hr \/>\n<h5><a href=\"http:\/\/www.emaus.org.br\/valenca\/\" target=\"_blank\" rel=\"noopener\">Valen\u00e7a<\/a><\/h5>\n<p>&nbsp;<\/p>\n","protected":false},"excerpt":{"rendered":"<p>Bag\u00e9 Bras\u00edlia Brusque Cachoeira do Sul Caxias do Sul Cruz Alta Florian\u00f3polis Frederico Westphalen Itapetininga Joinville Juiz de Fora Jundia\u00ed Lavras Mariana Pelotas Porto Alegre Rio Grande Santo \u00c2ngelo S\u00e3o Jo\u00e3o del-Rei &hellip;<\/p>\n","protected":false},"author":1,"featured_media":0,"parent":0,"menu_order":0,"comment_status":"closed","ping_status":"closed","template":"","meta":{"footnotes":""},"class_list":["post-194","page","type-page","status-publish","hentry"],"_links":{"self":[{"href":"https:\/\/emaus.org.br\/nacional\/wp-json\/wp\/v2\/pages\/194","targetHints":{"allow":["GET"]}}],"collection":[{"href":"https:\/\/emaus.org.br\/nacional\/wp-json\/wp\/v2\/pages"}],"about":[{"href":"https:\/\/emaus.org.br\/nacional\/wp-json\/wp\/v2\/types\/page"}],"author":[{"embeddable":true,"href":"https:\/\/emaus.org.br\/nacional\/wp-json\/wp\/v2\/users\/1"}],"replies":[{"embeddable":true,"href":"https:\/\/emaus.org.br\/nacional\/wp-json\/wp\/v2\/comments?post=194"}],"version-history":[{"count":19,"href":"https:\/\/emaus.org.br\/nacional\/wp-json\/wp\/v2\/pages\/194\/revisions"}],"predecessor-version":[{"id":502,"href":"https:\/\/emaus.org.br\/nacional\/wp-json\/wp\/v2\/pages\/194\/revisions\/502"}],"wp:attachment":[{"href":"https:\/\/emaus.org.br\/nacional\/wp-json\/wp\/v2\/media?parent=194"}],"curies":[{"name":"wp","href":"https:\/\/api.w.org\/{rel}","templated":true}]}}