{"id":202,"date":"2017-08-26T10:54:57","date_gmt":"2017-08-26T13:54:57","guid":{"rendered":"http:\/\/emaus.org.br\/sorocaba_wp_new\/?page_id=202"},"modified":"2019-04-03T17:31:14","modified_gmt":"2019-04-03T20:31:14","slug":"cursos","status":"publish","type":"page","link":"https:\/\/emaus.org.br\/sorocaba\/cursos\/","title":{"rendered":"Cursos de Ema\u00fas"},"content":{"rendered":"<p><a href=\"https:\/\/emaus.org.br\/sorocaba_wp\/cursos\/o-que-sao\/\">O que s\u00e3o?<\/a><\/p>\n<p><a href=\"https:\/\/emaus.org.br\/sorocaba_wp\/cursos\/proximos-cursos\/\">Fa\u00e7a sua Inscri\u00e7\u00e3o<\/a><\/p>\n<p><a href=\"https:\/\/emaus.org.br\/sorocaba_wp\/cursos\/cursos-realizados\/\">Cursos Realizados<\/a><\/p>\n<p><a href=\"https:\/\/emaus.org.br\/sorocaba_wp\/cursos\/alavancas\/\">Alavancas<\/a><\/p>\n","protected":false},"excerpt":{"rendered":"<p>O que s\u00e3o? Fa\u00e7a sua Inscri\u00e7\u00e3o Cursos Realizados Alavancas<\/p>\n","protected":false},"author":1,"featured_media":0,"parent":0,"menu_order":0,"comment_status":"closed","ping_status":"closed","template":"","meta":{"footnotes":""},"class_list":["post-202","page","type-page","status-publish","hentry"],"_links":{"self":[{"href":"https:\/\/emaus.org.br\/sorocaba\/wp-json\/wp\/v2\/pages\/202","targetHints":{"allow":["GET"]}}],"collection":[{"href":"https:\/\/emaus.org.br\/sorocaba\/wp-json\/wp\/v2\/pages"}],"about":[{"href":"https:\/\/emaus.org.br\/sorocaba\/wp-json\/wp\/v2\/types\/page"}],"author":[{"embeddable":true,"href":"https:\/\/emaus.org.br\/sorocaba\/wp-json\/wp\/v2\/users\/1"}],"replies":[{"embeddable":true,"href":"https:\/\/emaus.org.br\/sorocaba\/wp-json\/wp\/v2\/comments?post=202"}],"version-history":[{"count":4,"href":"https:\/\/emaus.org.br\/sorocaba\/wp-json\/wp\/v2\/pages\/202\/revisions"}],"predecessor-version":[{"id":526,"href":"https:\/\/emaus.org.br\/sorocaba\/wp-json\/wp\/v2\/pages\/202\/revisions\/526"}],"wp:attachment":[{"href":"https:\/\/emaus.org.br\/sorocaba\/wp-json\/wp\/v2\/media?parent=202"}],"curies":[{"name":"wp","href":"https:\/\/api.w.org\/{rel}","templated":true}]}}