{"id":381,"date":"2017-09-19T08:54:05","date_gmt":"2017-09-19T11:54:05","guid":{"rendered":"http:\/\/emaus.org.br\/sorocaba_wp_new\/?page_id=381"},"modified":"2019-03-29T00:01:43","modified_gmt":"2019-03-29T03:01:43","slug":"secretariados-arqui-diocesanos","status":"publish","type":"page","link":"https:\/\/emaus.org.br\/sorocaba\/estrutura\/secretariados-arqui-diocesanos\/","title":{"rendered":"Secretariados (Arqui) Diocesanos"},"content":{"rendered":"<header style=\"box-sizing: inherit; margin: 0px; padding: 0px; border: 0px; font-variant-numeric: inherit; font-variant-east-asian: inherit; font-stretch: inherit; font-size: 17px; line-height: inherit; font-family: 'Century Gothic', AppleGothic, sans-serif; color: #000000; background-color: #fffdff;\">\n<h1 class=\"entry-title singular-title\" style=\"box-sizing: inherit; margin-top: 0px; margin-right: 1.5em; margin-bottom: 0px; padding: 0.3em 0px 0.1em; border: 0px; font-style: inherit; font-variant: inherit; font-stretch: inherit; font-size: 28.9px; line-height: 1.4; font-family: 'Open Sans'; overflow-wrap: break-word;\"><\/h1>\n<\/header>\n<div class=\"entry-content\" style=\"box-sizing: inherit; margin: 0px; padding: 1em 0px 0px; border: 0px; font-variant-numeric: inherit; font-variant-east-asian: inherit; font-stretch: inherit; font-size: 17px; font-family: 'Century Gothic', AppleGothic, sans-serif; clear: both; overflow-wrap: break-word; text-align: justify; color: #000000; background-color: #fffdff;\">\n<p style=\"box-sizing: inherit; margin: 0px 0px 1em; padding: 0px; border: 0px; font-style: inherit; font-variant: inherit; font-weight: inherit; font-stretch: inherit; font-size: inherit; font-family: inherit; text-indent: 0em;\">O Movimento de Ema\u00fas atuam diretamente nas dioceses onde s\u00e3o instalados. Sendo um servi\u00e7o que objetiva a evangeliza\u00e7\u00e3o dos Jovens e ao Setor Juventude de cada (Arqui) Diocese, o Movimento de Ema\u00fas, al\u00e9m de orientar e encaminhar os cursistas a integrarem-se nas Comunidades Paroquiais de Jovens, constituir\u00e1 os Institutos das Comunidades Mission\u00e1rias de Ema\u00fas nas (Arqui)Dioceses, doravante designados Secretariados (Arqui) Diocesanos.<\/p>\n<p style=\"box-sizing: inherit; margin: 0px 0px 1em; padding: 0px; border: 0px; font-style: inherit; font-variant: inherit; font-weight: inherit; font-stretch: inherit; font-size: inherit; font-family: inherit; text-indent: 0em;\">Compete aos Secretariados (Arqui)Diocesanos das Comunidades de Ema\u00fas que s\u00e3o \u00f3rg\u00e3os que, em sintonia com as delibera\u00e7\u00f5es do Secretariado Nacional, dirigem e operacionalizam o funcionamento do Movimento nas Comunidades de Ema\u00fas em uma (Arqui) Diocese: instalar e fazer funcionar regularmente a Escola Mission\u00e1ria, os Cursos de Ema\u00fas, as Maranathas e outras atividades exigidas pelo Movimento, nas respectivas (Arqui) Dioceses.<\/p>\n<p style=\"box-sizing: inherit; margin: 0px 0px 1em; padding: 0px; border: 0px; font-style: inherit; font-variant: inherit; font-weight: inherit; font-stretch: inherit; font-size: inherit; font-family: inherit; text-indent: 0em;\">A estrutura organizacional dos Secretariados (Arqui)Diocesanos ser\u00e1 a seguinte*:<\/p>\n<ol style=\"box-sizing: inherit; margin: 0px 0px 1em 2em; padding: 0px; border: 0px; font: inherit;\">\n<li style=\"box-sizing: inherit; margin: 0px; padding: 0px; border: 0px; font: inherit;\">a) O Diretor Espiritual;<\/li>\n<li style=\"box-sizing: inherit; margin: 0px; padding: 0px; border: 0px; font: inherit;\">b) O Col\u00e9gio Presidencial;<\/li>\n<li style=\"box-sizing: inherit; margin: 0px; padding: 0px; border: 0px; font: inherit;\">c) O Secret\u00e1rio;<\/li>\n<li style=\"box-sizing: inherit; margin: 0px; padding: 0px; border: 0px; font: inherit;\">d) O Tesoureiro;<\/li>\n<li style=\"box-sizing: inherit; margin: 0px; padding: 0px; border: 0px; font: inherit;\">e) O casal, ou par (homem e mulher), respons\u00e1vel por Promo\u00e7\u00e3o e Provedoria;<\/li>\n<li style=\"box-sizing: inherit; margin: 0px; padding: 0px; border: 0px; font: inherit;\">f) Um rapaz e uma mo\u00e7a integrantes do Movimento, como Vogais Jovens;<\/li>\n<\/ol>\n<p><em>*Podendo haver altera\u00e7\u00f5es de acordo com estatuto pr\u00f3prio.<\/em><\/p>\n<\/div>\n","protected":false},"excerpt":{"rendered":"<p>O Movimento de Ema\u00fas atuam diretamente nas dioceses onde s\u00e3o instalados. Sendo um servi\u00e7o que objetiva a evangeliza\u00e7\u00e3o dos Jovens e ao Setor Juventude de cada (Arqui) Diocese, o Movimento de Ema\u00fas, al\u00e9m de orientar e encaminhar os cursistas a integrarem-se nas Comunidades Paroquiais de Jovens, constituir\u00e1 os Institutos das &hellip;<\/p>\n","protected":false},"author":1,"featured_media":0,"parent":197,"menu_order":0,"comment_status":"closed","ping_status":"closed","template":"","meta":{"footnotes":""},"class_list":["post-381","page","type-page","status-publish","hentry"],"_links":{"self":[{"href":"https:\/\/emaus.org.br\/sorocaba\/wp-json\/wp\/v2\/pages\/381","targetHints":{"allow":["GET"]}}],"collection":[{"href":"https:\/\/emaus.org.br\/sorocaba\/wp-json\/wp\/v2\/pages"}],"about":[{"href":"https:\/\/emaus.org.br\/sorocaba\/wp-json\/wp\/v2\/types\/page"}],"author":[{"embeddable":true,"href":"https:\/\/emaus.org.br\/sorocaba\/wp-json\/wp\/v2\/users\/1"}],"replies":[{"embeddable":true,"href":"https:\/\/emaus.org.br\/sorocaba\/wp-json\/wp\/v2\/comments?post=381"}],"version-history":[{"count":3,"href":"https:\/\/emaus.org.br\/sorocaba\/wp-json\/wp\/v2\/pages\/381\/revisions"}],"predecessor-version":[{"id":470,"href":"https:\/\/emaus.org.br\/sorocaba\/wp-json\/wp\/v2\/pages\/381\/revisions\/470"}],"up":[{"embeddable":true,"href":"https:\/\/emaus.org.br\/sorocaba\/wp-json\/wp\/v2\/pages\/197"}],"wp:attachment":[{"href":"https:\/\/emaus.org.br\/sorocaba\/wp-json\/wp\/v2\/media?parent=381"}],"curies":[{"name":"wp","href":"https:\/\/api.w.org\/{rel}","templated":true}]}}